{"id":50,"date":"2022-02-01T17:55:23","date_gmt":"2022-02-01T17:55:23","guid":{"rendered":"https:\/\/cdsantaclara.com\/loja\/?page_id=50"},"modified":"2022-02-02T10:59:51","modified_gmt":"2022-02-02T10:59:51","slug":"trocas-e-devolucoes","status":"publish","type":"page","link":"https:\/\/cdsantaclara.com\/loja\/trocas-e-devolucoes\/","title":{"rendered":"Trocas e Devolu\u00e7\u00f5es"},"content":{"rendered":"<div style=\"font-size: 15px; text-align: justify;\">\n<div style=\"margin-bottom: 40px; margin-top: 10px;\">Todos os produtos adquiridos no <strong>Santa Clara A\u00e7ores \u2013 Futebol, S.A.D.<\/strong> poder\u00e3o ser devolvidos e reembolsados, sempre que o cliente solicite a devolu\u00e7\u00e3o ou troca at\u00e9 14 dias ap\u00f3s a data de recep\u00e7\u00e3o da encomenda, conforme legisla\u00e7\u00e3o portuguesa aplic\u00e1vel \u00e0s vendas \u00e0 dist\u00e2ncia.<br \/>\nNesse caso dever\u00e3o verificar-se as seguintes condi\u00e7\u00f5es:<\/div>\n<div style=\"margin-bottom: 40px; margin-top: 10px;\">\n<ul>\n<li>O artigo deve encontrar-se no mesmo estado em que foi entregue e conservar a sua embalagem e etiqueta originais, assim como os respetivos acess\u00f3rios e componentes.<\/li>\n<li>O envio deve ser efetuado, sempre que poss\u00edvel, na mesma caixa em que foi entregue, de modo a proteger o artigo.<\/li>\n<\/ul>\n<p>&nbsp;<\/p>\n<p>Em caso de troca, devolu\u00e7\u00e3o ou cancelamento da encomenda, o valor pago ser\u00e1 devolvido num prazo m\u00e1ximo de 15 dias, a contar do dia em que a devolu\u00e7\u00e3o for recebida por n\u00f3s. Se o motivo da devolu\u00e7\u00e3o for da responsabilidade do <strong>Santa Clara A\u00e7ores \u2013 Futebol, S.A.D.<\/strong>, (por exemplo, artigo defeituoso, danificado ou incorrecto) os portes de devolu\u00e7\u00e3o ser\u00e3o reembolsados. Se o motivo for outro, o custo da devolu\u00e7\u00e3o ficar\u00e1 a cargo do cliente.<\/p>\n<p>&nbsp;<\/p>\n<p>O <strong>Santa Clara A\u00e7ores \u2013 Futebol, S.A.D.<\/strong> n\u00e3o assume qualquer responsabilidade no caso de extravio da devolu\u00e7\u00e3o\/troca do artigo enviado pelo cliente.<br \/>\nPara proceder a uma devolu\u00e7\u00e3o, o cliente dever\u00e1 informar a <strong>Santa Clara A\u00e7ores \u2013 Futebol, S.A.D.<\/strong>, de que pretende fazer a troca\/devolu\u00e7\u00e3o, indicando as raz\u00f5es da mesma, atrav\u00e9s do e-mail <strong>info@cdsantaclara.com<\/strong> e ser-lhe-\u00e1 facultada a morada para a qual deve enviar o artigo.<\/p>\n<p>&nbsp;<\/p>\n<p>No prazo m\u00e1ximo de 14 dias, o <strong>Santa Clara A\u00e7ores \u2013 Futebol, S.A.D.<\/strong> proceder\u00e1 \u00e0 an\u00e1lise do artigo devolvido e informar\u00e1 o cliente do direito ao respetivo reembolso ou procedendo a novo envio de outro igual. Confirmando-se as raz\u00f5es invocadas para a devolu\u00e7\u00e3o, o cliente ser\u00e1 reembolsado na totalidade do valor pago, incluindo despesas de entrega e devolu\u00e7\u00e3o.<\/p>\n<\/div>\n<\/div>\n","protected":false},"excerpt":{"rendered":"<p>Todos os produtos adquiridos no Santa Clara A\u00e7ores \u2013 Futebol, S.A.D. poder\u00e3o ser devolvidos e reembolsados, sempre que o cliente solicite a devolu\u00e7\u00e3o ou troca at\u00e9 14 dias ap\u00f3s a data de recep\u00e7\u00e3o da encomenda, conforme legisla\u00e7\u00e3o portuguesa aplic\u00e1vel \u00e0s vendas \u00e0 dist\u00e2ncia. Nesse caso dever\u00e3o verificar-se as seguintes condi\u00e7\u00f5es: O artigo deve encontrar-se no [&hellip;]<\/p>\n","protected":false},"author":1,"featured_media":0,"parent":0,"menu_order":0,"comment_status":"closed","ping_status":"closed","template":"","meta":[],"_links":{"self":[{"href":"https:\/\/cdsantaclara.com\/loja\/wp-json\/wp\/v2\/pages\/50"}],"collection":[{"href":"https:\/\/cdsantaclara.com\/loja\/wp-json\/wp\/v2\/pages"}],"about":[{"href":"https:\/\/cdsantaclara.com\/loja\/wp-json\/wp\/v2\/types\/page"}],"author":[{"embeddable":true,"href":"https:\/\/cdsantaclara.com\/loja\/wp-json\/wp\/v2\/users\/1"}],"replies":[{"embeddable":true,"href":"https:\/\/cdsantaclara.com\/loja\/wp-json\/wp\/v2\/comments?post=50"}],"version-history":[{"count":4,"href":"https:\/\/cdsantaclara.com\/loja\/wp-json\/wp\/v2\/pages\/50\/revisions"}],"predecessor-version":[{"id":99,"href":"https:\/\/cdsantaclara.com\/loja\/wp-json\/wp\/v2\/pages\/50\/revisions\/99"}],"wp:attachment":[{"href":"https:\/\/cdsantaclara.com\/loja\/wp-json\/wp\/v2\/media?parent=50"}],"curies":[{"name":"wp","href":"https:\/\/api.w.org\/{rel}","templated":true}]}}